{"id":75,"date":"2024-03-18T07:30:39","date_gmt":"2024-03-18T06:30:39","guid":{"rendered":"https:\/\/smile-relax-heal.com\/?page_id=75"},"modified":"2026-02-03T14:19:46","modified_gmt":"2026-02-03T13:19:46","slug":"kontakt","status":"publish","type":"page","link":"https:\/\/smile-relax-heal.com\/?page_id=75","title":{"rendered":"Kontakt"},"content":{"rendered":"<p>[et_pb_section fb_built=&#8220;1&#8243; custom_padding_last_edited=&#8220;on|tablet&#8220; admin_label=&#8220;Header&#8220; _builder_version=&#8220;4.27.0&#8243; background_color=&#8220;#225555&#8243; background_enable_image=&#8220;off&#8220; parallax=&#8220;on&#8220; width_tablet=&#8220;&#8220; width_phone=&#8220;&#8220; width_last_edited=&#8220;on|tablet&#8220; max_width_tablet=&#8220;&#8220; max_width_phone=&#8220;&#8220; max_width_last_edited=&#8220;on|tablet&#8220; module_alignment=&#8220;center&#8220; min_height=&#8220;500px&#8220; min_height_tablet=&#8220;300px&#8220; min_height_phone=&#8220;200px&#8220; min_height_last_edited=&#8220;on|phone&#8220; height=&#8220;300px&#8220; height_tablet=&#8220;300px&#8220; height_phone=&#8220;200px&#8220; height_last_edited=&#8220;on|phone&#8220; max_height=&#8220;300px&#8220; max_height_tablet=&#8220;300px&#8220; max_height_phone=&#8220;200px&#8220; max_height_last_edited=&#8220;on|phone&#8220; custom_margin_tablet=&#8220;&#8220; custom_margin_phone=&#8220;&#8220; custom_margin_last_edited=&#8220;on|phone&#8220; custom_padding=&#8220;71px||111px||false|false&#8220; custom_padding_tablet=&#8220;50px||0px||false|false&#8220; custom_padding_phone=&#8220;30px||||false|false&#8220; locked=&#8220;off&#8220; global_colors_info=&#8220;{}&#8220;][et_pb_row _builder_version=&#8220;4.25.1&#8243; background_enable_image=&#8220;off&#8220; background_size=&#8220;contain&#8220; global_colors_info=&#8220;{}&#8220;][et_pb_column type=&#8220;4_4&#8243; _builder_version=&#8220;4.16&#8243; global_colors_info=&#8220;{}&#8220;][et_pb_image src=&#8220;https:\/\/smile-relax-heal.com\/wp-content\/uploads\/2024\/03\/Logo.png&#8220; title_text=&#8220;Logo&#8220; _builder_version=&#8220;4.25.1&#8243; _module_preset=&#8220;default&#8220; global_colors_info=&#8220;{}&#8220;][\/et_pb_image][\/et_pb_column][\/et_pb_row][\/et_pb_section][et_pb_section fb_built=&#8220;1&#8243; admin_label=&#8220;Contact&#8220; _builder_version=&#8220;4.25.2&#8243; background_color=&#8220;rgba(0,0,0,0)&#8220; custom_padding=&#8220;0px|||||&#8220; global_colors_info=&#8220;{}&#8220;][et_pb_row column_structure=&#8220;1_2,1_2&#8243; custom_padding_last_edited=&#8220;on|desktop&#8220; _builder_version=&#8220;4.27.5&#8243; background_enable_color=&#8220;off&#8220; custom_margin=&#8220;-70px||||false|false&#8220; custom_margin_tablet=&#8220;10px||||false|false&#8220; custom_margin_phone=&#8220;23px||||false|false&#8220; custom_margin_last_edited=&#8220;on|phone&#8220; custom_padding=&#8220;2px|||||&#8220; custom_padding_tablet=&#8220;0px||||false|false&#8220; custom_padding_phone=&#8220;0px||||false|false&#8220; global_colors_info=&#8220;{}&#8220;][et_pb_column type=&#8220;1_2&#8243; _builder_version=&#8220;4.27.5&#8243; background_enable_color=&#8220;off&#8220; background_image=&#8220;https:\/\/smile-relax-heal.com\/wp-content\/uploads\/2024\/03\/DSC06934.jpeg&#8220; transform_translate=&#8220;0px|-60px&#8220; transform_translate_linked=&#8220;off&#8220; custom_padding=&#8220;60px|30px|60px|30px|true|true&#8220; hover_enabled=&#8220;0&#8243; global_colors_info=&#8220;{}&#8220; sticky_enabled=&#8220;0&#8243;][et_pb_contact_form captcha=&#8220;off&#8220; email=&#8220;ch&#114;&#105;&#115;&#x74;&#x69;&#x6e;&#x61;&#64;s&#109;&#105;&#108;&#x65;&#x2d;&#x72;&#x65;la&#120;&#45;&#104;&#x65;&#x61;&#x6c;&#x2e;co&#109;&#8220; submit_button_text=&#8220;Senden&#8220; _builder_version=&#8220;4.27.5&#8243; form_field_background_color=&#8220;rgba(0,0,0,0)&#8220; form_field_text_color=&#8220;rgba(255,255,255,0.7)&#8220; form_field_custom_margin=&#8220;||30px||false|false&#8220; custom_button=&#8220;on&#8220; button_text_size=&#8220;22px&#8220; button_text_color=&#8220;#ffffff&#8220; button_bg_color=&#8220;#153d3c&#8220; button_border_width=&#8220;0px&#8220; button_border_radius=&#8220;50px&#8220; button_letter_spacing=&#8220;1px&#8220; button_font=&#8220;Poiret One|600|||||||&#8220; button_custom_padding=&#8220;15px|40px|15px|40px|true|true&#8220; custom_padding=&#8220;21px|||||&#8220; hover_enabled=&#8220;0&#8243; button_text_size_tablet=&#8220;18px&#8220; button_text_size_phone=&#8220;14px&#8220; button_text_size_last_edited=&#8220;on|phone&#8220; border_width_all=&#8220;1px&#8220; border_color_all=&#8220;#ffffff&#8220; global_colors_info=&#8220;{}&#8220; sticky_enabled=&#8220;0&#8243;][et_pb_contact_field field_id=&#8220;Name&#8220; field_title=&#8220;Name&#8220; fullwidth_field=&#8220;on&#8220; _builder_version=&#8220;4.27.5&#8243; form_field_text_color=&#8220;#FFFFFF&#8220; form_field_font=&#8220;Poiret One|800|||||||&#8220; form_field_font_size=&#8220;20px&#8220; form_field_letter_spacing=&#8220;3px&#8220; form_field_line_height=&#8220;1.8em&#8220; hover_enabled=&#8220;0&#8243; border_color_all=&#8220;#FFFFFF&#8220; global_colors_info=&#8220;{}&#8220; button_text_size__hover_enabled=&#8220;off&#8220; button_one_text_size__hover_enabled=&#8220;off&#8220; button_two_text_size__hover_enabled=&#8220;off&#8220; button_text_color__hover_enabled=&#8220;off&#8220; button_one_text_color__hover_enabled=&#8220;off&#8220; button_two_text_color__hover_enabled=&#8220;off&#8220; button_border_width__hover_enabled=&#8220;off&#8220; button_one_border_width__hover_enabled=&#8220;off&#8220; button_two_border_width__hover_enabled=&#8220;off&#8220; button_border_color__hover_enabled=&#8220;off&#8220; button_one_border_color__hover_enabled=&#8220;off&#8220; button_two_border_color__hover_enabled=&#8220;off&#8220; button_border_radius__hover_enabled=&#8220;off&#8220; button_one_border_radius__hover_enabled=&#8220;off&#8220; button_two_border_radius__hover_enabled=&#8220;off&#8220; button_letter_spacing__hover_enabled=&#8220;off&#8220; button_one_letter_spacing__hover_enabled=&#8220;off&#8220; button_two_letter_spacing__hover_enabled=&#8220;off&#8220; button_bg_color__hover_enabled=&#8220;off&#8220; button_one_bg_color__hover_enabled=&#8220;off&#8220; button_two_bg_color__hover_enabled=&#8220;off&#8220; sticky_enabled=&#8220;0&#8243;][\/et_pb_contact_field][et_pb_contact_field field_id=&#8220;Email&#8220; field_title=&#8220;Email&#8220; field_type=&#8220;email&#8220; fullwidth_field=&#8220;on&#8220; _builder_version=&#8220;4.27.5&#8243; form_field_text_color=&#8220;#FFFFFF&#8220; form_field_font=&#8220;Poiret One|800|||||||&#8220; form_field_font_size=&#8220;20px&#8220; form_field_letter_spacing=&#8220;3px&#8220; form_field_line_height=&#8220;1.8em&#8220; hover_enabled=&#8220;0&#8243; border_color_all=&#8220;#FFFFFF&#8220; global_colors_info=&#8220;{}&#8220; button_text_size__hover_enabled=&#8220;off&#8220; button_one_text_size__hover_enabled=&#8220;off&#8220; button_two_text_size__hover_enabled=&#8220;off&#8220; button_text_color__hover_enabled=&#8220;off&#8220; button_one_text_color__hover_enabled=&#8220;off&#8220; button_two_text_color__hover_enabled=&#8220;off&#8220; button_border_width__hover_enabled=&#8220;off&#8220; button_one_border_width__hover_enabled=&#8220;off&#8220; button_two_border_width__hover_enabled=&#8220;off&#8220; button_border_color__hover_enabled=&#8220;off&#8220; button_one_border_color__hover_enabled=&#8220;off&#8220; button_two_border_color__hover_enabled=&#8220;off&#8220; button_border_radius__hover_enabled=&#8220;off&#8220; button_one_border_radius__hover_enabled=&#8220;off&#8220; button_two_border_radius__hover_enabled=&#8220;off&#8220; button_letter_spacing__hover_enabled=&#8220;off&#8220; button_one_letter_spacing__hover_enabled=&#8220;off&#8220; button_two_letter_spacing__hover_enabled=&#8220;off&#8220; button_bg_color__hover_enabled=&#8220;off&#8220; button_one_bg_color__hover_enabled=&#8220;off&#8220; button_two_bg_color__hover_enabled=&#8220;off&#8220; sticky_enabled=&#8220;0&#8243;][\/et_pb_contact_field][et_pb_contact_field field_id=&#8220;Nachricht&#8220; field_title=&#8220;Nachricht&#8220; field_type=&#8220;text&#8220; fullwidth_field=&#8220;on&#8220; _builder_version=&#8220;4.26.0&#8243; form_field_text_color=&#8220;#FFFFFF&#8220; form_field_font=&#8220;Poiret One|800|||||||&#8220; form_field_font_size=&#8220;20px&#8220; form_field_letter_spacing=&#8220;3px&#8220; form_field_line_height=&#8220;1.8em&#8220; border_color_all=&#8220;#FFFFFF&#8220; global_colors_info=&#8220;{}&#8220; button_text_size__hover_enabled=&#8220;off&#8220; button_one_text_size__hover_enabled=&#8220;off&#8220; button_two_text_size__hover_enabled=&#8220;off&#8220; button_text_color__hover_enabled=&#8220;off&#8220; button_one_text_color__hover_enabled=&#8220;off&#8220; button_two_text_color__hover_enabled=&#8220;off&#8220; button_border_width__hover_enabled=&#8220;off&#8220; button_one_border_width__hover_enabled=&#8220;off&#8220; button_two_border_width__hover_enabled=&#8220;off&#8220; button_border_color__hover_enabled=&#8220;off&#8220; button_one_border_color__hover_enabled=&#8220;off&#8220; button_two_border_color__hover_enabled=&#8220;off&#8220; button_border_radius__hover_enabled=&#8220;off&#8220; button_one_border_radius__hover_enabled=&#8220;off&#8220; button_two_border_radius__hover_enabled=&#8220;off&#8220; button_letter_spacing__hover_enabled=&#8220;off&#8220; button_one_letter_spacing__hover_enabled=&#8220;off&#8220; button_two_letter_spacing__hover_enabled=&#8220;off&#8220; button_bg_color__hover_enabled=&#8220;off&#8220; button_one_bg_color__hover_enabled=&#8220;off&#8220; button_two_bg_color__hover_enabled=&#8220;off&#8220;][\/et_pb_contact_field][\/et_pb_contact_form][\/et_pb_column][et_pb_column type=&#8220;1_2&#8243; _builder_version=&#8220;4.26.0&#8243; background_color=&#8220;#ffffff&#8220; custom_padding=&#8220;80px|50px|||false|false&#8220; custom_padding_tablet=&#8220;50px|0px|||false|false&#8220; custom_padding_phone=&#8220;&#8220; custom_padding_last_edited=&#8220;on|phone&#8220; box_shadow_style=&#8220;preset4&#8243; box_shadow_horizontal=&#8220;-60px&#8220; box_shadow_vertical=&#8220;0px&#8220; box_shadow_color=&#8220;#ffffff&#8220; global_colors_info=&#8220;{}&#8220;][et_pb_text _builder_version=&#8220;4.27.4&#8243; _module_preset=&#8220;786be028-8a97-4ca4-b758-fa0143ced89f&#8220; header_3_font=&#8220;Josefin Sans||||||||&#8220; header_3_line_height=&#8220;1.8em&#8220; global_colors_info=&#8220;{}&#8220;]<\/p>\n<p>Christina Hartmann<\/p>\n<p>Mobile \/ WhatsApp: <a href=\"https:\/\/wa.me\/+491621944660\" target=\"_blank\" rel=\"noopener\">+49 162 1944660<\/a><\/p>\n<p>EMail: <a href=\"&#x6d;a&#x69;&#108;&#x74;&#111;&#x3a;&#x63;h&#x72;&#105;&#x73;&#116;&#x69;&#110;a&#x40;&#115;&#x6d;&#105;&#x6c;&#101;-&#x72;&#101;&#x6c;&#97;&#x78;&#45;h&#x65;a&#x6c;&#46;&#x63;&#111;m\">&#99;&#x68;&#x72;&#105;&#x73;&#x74;i&#x6e;&#x61;&#64;&#115;&#x6d;i&#108;&#x65;-&#114;&#x65;l&#97;&#x78;-&#104;&#x65;&#x61;&#108;&#x2e;&#x63;&#111;&#x6d;<\/a><\/p>\n<p>Website: <a href=\"https:\/\/www.smile-relax-heal.com\">www.smile-relax-heal.com<\/a><\/p>\n<p>Facebook ID: <a href=\"https:\/\/www.facebook.com\/profile.php?id=100010821003167\" target=\"_blank\" rel=\"noopener\">Christina Hartmann<\/a><\/p>\n<p>Instagram: <a href=\"https:\/\/www.instagram.com\/smile.relax.heal\/\" target=\"_blank\" rel=\"noopener\">smile.relax.heal<\/a><\/p>\n<p>[\/et_pb_text][et_pb_button button_url=&#8220;https:\/\/smilerelaxheal.youcanbook.me\/&#8220; url_new_window=&#8220;on&#8220; button_text=&#8220;Gespr\u00e4ch buchen&#8220; button_alignment=&#8220;left&#8220; _builder_version=&#8220;4.27.4&#8243; _module_preset=&#8220;0b9ab4ac-0f92-434d-a3e3-25678d735a14&#8243; global_colors_info=&#8220;{}&#8220;][\/et_pb_button][\/et_pb_column][\/et_pb_row][et_pb_row custom_padding_last_edited=&#8220;off|desktop&#8220; _builder_version=&#8220;4.27.4&#8243; background_enable_color=&#8220;off&#8220; background_enable_image=&#8220;off&#8220; custom_padding=&#8220;6%|20px|6%|20px|true|true&#8220; custom_padding_tablet=&#8220;80px||80px||true|true&#8220; custom_padding_phone=&#8220;50px||50px||true|true&#8220; border_width_all=&#8220;2px&#8220; global_colors_info=&#8220;{}&#8220;][et_pb_column type=&#8220;4_4&#8243; _builder_version=&#8220;4.16&#8243; global_colors_info=&#8220;{}&#8220;][et_pb_text _builder_version=&#8220;4.27.4&#8243; _module_preset=&#8220;786be028-8a97-4ca4-b758-fa0143ced89f&#8220; text_text_color=&#8220;#000000&#8243; width=&#8220;100%&#8220; max_width=&#8220;100%&#8220; global_colors_info=&#8220;{}&#8220;]<\/p>\n<p>Schreibe mir eine Nachricht, rufe mich an oder buche dir direkt ein Gespr\u00e4ch. Wir lernen uns kennen und besprechen all deine W\u00fcnsche und Fragen. Gemeinsam schauen wir uns an wo deine blinden Flecken sind und was deine n\u00e4chsten Schritte sind um deine Ziele zu erreichen.<\/p>\n<p>Viele Anwendungen und meine 1:1 Begleitungen finden ortsunabh\u00e4ngig statt &#8211; online oder \u00fcber Fern-Reiki &#8211; dazu vereinbaren wir einen Termin, du machst es dir gem\u00fctlich, da wo du gerade bist und ich sende dir eine Behandlung von dort wo ich gerade bin. H\u00f6rt sich ein bisschen verr\u00fcckt an? Stimmt, aber es funktioniert ganz wunderbar. Gerne erz\u00e4hle ich dir mehr dar\u00fcber.<\/p>\n<p>Die Preise variieren, je nach Behandlung \/ Anwendung und individuellem Bed\u00fcrfnis.\u00a0<\/p>\n<p>[\/et_pb_text][et_pb_button button_url=&#8220;https:\/\/smilerelaxheal.youcanbook.me\/&#8220; url_new_window=&#8220;on&#8220; button_text=&#8220;Gespr\u00e4ch buchen&#8220; _builder_version=&#8220;4.27.4&#8243; _module_preset=&#8220;0b9ab4ac-0f92-434d-a3e3-25678d735a14&#8243; global_colors_info=&#8220;{}&#8220;][\/et_pb_button][\/et_pb_column][\/et_pb_row][\/et_pb_section]<\/p>\n","protected":false},"excerpt":{"rendered":"<p>Christina Hartmann Mobile \/ WhatsApp: +49 162 1944660 EMail: &#x63;&#104;r&#x69;&#115;&#116;&#x69;&#x6e;&#97;&#64;&#x73;&#109;i&#x6c;&#x65;&#45;r&#x65;&#108;a&#x78;&#x2d;&#104;e&#x61;&#108;&#46;&#x63;&#x6f;&#109; Website: www.smile-relax-heal.com Facebook ID: Christina Hartmann Instagram: smile.relax.healSchreibe mir eine Nachricht, rufe mich an oder buche dir direkt ein Gespr\u00e4ch. Wir lernen uns kennen und besprechen all deine W\u00fcnsche und Fragen. Gemeinsam schauen wir uns an wo deine blinden Flecken sind und was deine n\u00e4chsten [&hellip;]<\/p>\n","protected":false},"author":1,"featured_media":0,"parent":0,"menu_order":0,"comment_status":"closed","ping_status":"closed","template":"","meta":{"_et_pb_use_builder":"on","_et_pb_old_content":"","_et_gb_content_width":"","footnotes":""},"class_list":["post-75","page","type-page","status-publish","hentry"],"_links":{"self":[{"href":"https:\/\/smile-relax-heal.com\/index.php?rest_route=\/wp\/v2\/pages\/75","targetHints":{"allow":["GET"]}}],"collection":[{"href":"https:\/\/smile-relax-heal.com\/index.php?rest_route=\/wp\/v2\/pages"}],"about":[{"href":"https:\/\/smile-relax-heal.com\/index.php?rest_route=\/wp\/v2\/types\/page"}],"author":[{"embeddable":true,"href":"https:\/\/smile-relax-heal.com\/index.php?rest_route=\/wp\/v2\/users\/1"}],"replies":[{"embeddable":true,"href":"https:\/\/smile-relax-heal.com\/index.php?rest_route=%2Fwp%2Fv2%2Fcomments&post=75"}],"version-history":[{"count":10,"href":"https:\/\/smile-relax-heal.com\/index.php?rest_route=\/wp\/v2\/pages\/75\/revisions"}],"predecessor-version":[{"id":2309,"href":"https:\/\/smile-relax-heal.com\/index.php?rest_route=\/wp\/v2\/pages\/75\/revisions\/2309"}],"wp:attachment":[{"href":"https:\/\/smile-relax-heal.com\/index.php?rest_route=%2Fwp%2Fv2%2Fmedia&parent=75"}],"curies":[{"name":"wp","href":"https:\/\/api.w.org\/{rel}","templated":true}]}}